-2*2/2. Let k = b + 712. Suppose 6*m - 1806 = k. Is m a composite number?
True
Let f be -8245*((-252)/(-35))/6. Let t = f - -19093. Is t prime?
True
Suppose 9*d + 45 - 3123 = 0. Let r = d - 223. Is r a composite number?
True
Suppose 2*q = 2*f + 34, 9 = -2*q + 5*f + 34. Is ((-1332)/q)/3*-185 - -4 composite?
False
Let m(p) = 1 + 12*p**2 - p**2 + p**2 - 4*p. Let n be 0 + -1 - (-7)/1. Is m(n) a composite number?
False
Suppose -2*f + 4*w = 2*f - 9000, -8994 = -4*f - 2*w. Is 0/(-5 + 11) + 1*f a composite number?
True
Let k be (-81)/(-12) - (9/(-4) - -2). Let b(j) = 13*j**2 - 9*j + 29. Let f be b(k). Suppose 2*q = -85 + f. Is q composite?
True
Suppose 856*d + 4*h = 851*d + 493729, -4*h + 296231 = 3*d. Is d composite?
True
Let k = 40 + 121. Let w = -72 + k. Is w prime?
True
Suppose -36288 = 3*c + 3*h, 2*h + 36294 = -3*c + 5*h. Let v = c - -19200. Is v a prime number?
True
Let g be (-70)/(-21) + (-6)/(-9). Suppose 0 = 3*v - 2*s - 0*s - 1247, -v = g*s - 439. Is v a prime number?
True
Let b = 13278 + -7152. Let w = b + -2609. Is w composite?
False
Is 5867040/64 + (2/(-6))/(4/(-6)) a composite number?
False
Suppose 0 = -2*x - 151 - 129. Let s = -45 - -46. Let r = s - x. Is r composite?
True
Let x = 45 + -42. Let c be (1466/x)/((-14)/(-42)). Suppose 2*u + c = 2*t, -t - 192 = u - 933. Is t composite?
True
Let p(h) = 6*h + 118. Let a be p(-19). Suppose 3*z + 587 = a*z. Is z a prime number?
True
Let g = -9 - -10. Let p(f) = f**2 - f + 1. Let n be p(g). Is 445/5 - n*4 a prime number?
False
Let f = -2407996 + 4074983. Is f a composite number?
True
Suppose 3*o + 184844 = 2*f, -184838 = -2*f - 4*o + 6*o. Is f composite?
False
Let b(f) = 60*f**2 - 8*f + 301. Is b(15) composite?
False
Suppose -12*q - 3941544 = -19*q - 17*q. Is q a composite number?
False
Suppose 4*v - 10 + 51 = -5*b, 0 = 4*b + 4*v + 32. Let a(l) = -1588*l + 103. Is a(b) prime?
False
Let m be 8/(-6) - (-1768)/(-78). Let z be ((-12)/(-24))/(23/m - -1). Let c(q) = 21*q**2 - 2*q + 7. Is c(z) composite?
True
Let w = 6 - 2. Suppose -5*a = 2*f - w*f + 37, 0 = f - 4*a - 26. Is (508/6)/(4/f) a composite number?
False
Let i(d) = 637*d + 13. Let z(f) = 217*f + 9. Let v(g) = 216*g + 8. Let r(c) = 5*v(c) - 4*z(c). Let h(b) = -3*i(b) + 8*r(b). Is h(-4) prime?
True
Let i = -22121 - -66600. Suppose -4*a + 3*h = -43595, -3*h + i = 5*a - 9981. Is a a prime number?
False
Let k be 8380/5 - (-7 + 3). Suppose -4*v = -m + v + k, -4*m + 3*v = -6635. Is m a composite number?
True
Let k(v) be the first derivative of v**5/60 - v**4/6 + v**3/2 + 4*v**2 + 7. Let z(o) be the second derivative of k(o). Is z(-10) a prime number?
False
Suppose -3*l + 134727 + 5475 = 3*i, -140232 = -3*i + 3*l. Suppose 12*x = x + i. Suppose -14646 = -5*q + x. Is q composite?
False
Let q(a) = -164*a + 3. Let b = -74 + 68. Let y be ((-3)/9*b)/(-1). Is q(y) a prime number?
True
Let z = -57 + 66. Suppose 4*p + z = -2*w - p, 5*w = 4*p + 27. Suppose m - w*m + 508 = 0. Is m a prime number?
False
Let r(d) = -4*d**3 + 9*d**2 + 13*d + 11. Let v(h) = -4*h**3 + 10*h**2 + 12*h + 11. Let w(z) = -6*r(z) + 5*v(z). Is w(8) a composite number?
False
Suppose -38*o = -5*k - 37*o + 29607, -k - 2*o + 5939 = 0. Is k prime?
True
Let d = 86365 - 50694. Is d a composite number?
False
Suppose h + 4*t - 93105 = 8*t, -3*h + 279283 = -4*t. Is h a prime number?
True
Suppose 3*j + 2*b = 303135, -26*b + 505223 = 5*j - 23*b. Is j a composite number?
True
Let r(v) = 6*v**2 - 16*v. Let t be r(3). Suppose 3*p = t*p, 3*p + 19295 = 5*y. Is y prime?
False
Suppose -329*w = 382*w - 48414123. Is w a composite number?
True
Let s(h) be the second derivative of h**5/20 - h**4/4 + 2*h**3/3 - 13*h**2/2 + 2*h - 3. Is s(19) a prime number?
True
Suppose -5*o + 3*q + 2*q = -35, -o + 3 = -5*q. Suppose -i + 58 = -74. Suppose i = 12*x - o*x. Is x composite?
True
Let m(f) = -f**2 + 10. Let n be m(0). Suppose -u + 2*x = -4*u + n, -16 = -3*u - 5*x. Suppose -4*q + 2*p = -0*p - 526, u*q + 3*p = 259. Is q a prime number?
True
Suppose 0 = 5*k - 5*r - 30, -4*k = 4*r + 1 + 7. Is ((-1)/k)/(-1*(-5)/(-33470)) composite?
False
Is (-4244)/(-8)*1*(-17 + 111) prime?
False
Let d = 49044 + -26467. Is d composite?
True
Suppose 5*n + 19 = 4*c, 3*c = -5*n - c - 11. Let r be 9/n*1724/(-12). Suppose x - 414 - r = 3*d, 0 = 5*x - d - 4253. Is x a prime number?
False
Let u be ((-16)/(-16))/(3/54*2). Is (3/6)/(u/80874) prime?
True
Suppose 2*l = -4*b + 298196, 31*b - 36*b - 4*l + 372739 = 0. Is b composite?
False
Let f(z) = -z - 1. Let m be f(-3). Suppose 2 = m*s - 6, -6852 = -5*g + 2*s. Suppose -h + 3*h = 2*r + 2708, -g = -h - 5*r. Is h prime?
False
Suppose -4*n + 32 = 0, -3*q + 62984 = 4*n - 82239. Is q composite?
False
Suppose 11*f - 3492937 = 398280. Is f prime?
True
Let p be (1*(-19 + 3))/((-2)/32). Suppose k = 367 + p. Is k prime?
False
Let x = 210470 - 96613. Is x a composite number?
True
Let k = -634387 - -1329626. Is k a composite number?
False
Suppose 0 = 23*m + 4*m - 675351. Is m a composite number?
False
Suppose 3*i - 4*r = 5*i - 892, -2*i + 889 = r. Suppose 0 = -5*f + 22891 + i. Is f prime?
False
Let y = -2433 - -10183. Let k = y + -3783. Is k composite?
False
Let d(u) be the third derivative of 31*u**5/60 + u**4/3 + u**3/6 + 3*u**2. Let h be d(-7). Suppose -4781 = -5*q + h. Is q a composite number?
False
Suppose 5*v = -3*v + 48. Suppose -s + v = s. Suppose -h = 2*h - s*p - 1827, 5*h + p = 3069. Is h a composite number?
False
Is (732100/(-60))/((8/(-6))/4) a composite number?
True
Let l = 100235 - 65212. Is l composite?
False
Let x be -1*(-7 - (-1 - 4)). Suppose -4*s = 5*l - x, -2 = s - 2*l - 9. Suppose -c - 4948 = -3*g, g - s*c - 1835 = -199. Is g a composite number?
True
Let d(w) = 1949*w - 1359. Is d(52) prime?
True
Let a(u) = 267*u**2 - 19*u + 555. Is a(19) prime?
True
Suppose 5*p - p - 68 = 0. Is 21439/p - (-6)/(-51) a prime number?
False
Suppose -27610 - 6647 = -19*d + 12730. Is d composite?
False
Suppose -9*z + 340 = z. Let m = z + -32. Suppose -4*q + 1902 = m*q. Is q a composite number?
False
Suppose -3*w = 4*c - 7*w + 9204, -2 = 2*w. Let n(k) = -k + 2. Let a be n(6). Is (c/a - 0)/((-6)/(-12)) a composite number?
False
Let u = -941 + -1195. Let k = 4955 + u. Is k a prime number?
True
Suppose 0*f - 7*f - 45073 = 0. Let r = 3845 + f. Let p = r - -5047. Is p prime?
False
Suppose -4*u = -3*k + 8278891, 0 = -4*u + 1198 - 1226. Is k a prime number?
True
Suppose 3*n - 19059 = -2*h + 144874, 0 = 5*h + 20. Is n a prime number?
True
Let s = -92706 + 132908. Is s composite?
True
Suppose 7*x - 2*s + 48 = 4*x, 5*x + 67 = -s. Let c be 478/17 - x/(-119). Is c + -2 + 3 + 2 composite?
False
Let w(c) = 5*c**2 - 3*c + 3. Let k be w(14). Suppose 5*m = -h + k, -m + 187 = 3*h - 4*h. Let t = m - 101. Is t a prime number?
False
Suppose 2*g + 17*x = 13*x - 2, 2*x = -2*g + 2. Suppose 2*w + 187 = 7*w - g*u, -2*u = 3*w - 97. Is w a prime number?
False
Suppose -18*w + 119 = -w. Is (w + -2 - -586) + -5 composite?
True
Let f = 5708 + -2777. Suppose 0*q + 3*q = 18. Suppose -9*z = -q*z - f. Is z prime?
True
Let a = 133 - 84. Suppose -a*h = -37*h - 11292. Is h prime?
True
Let w be 2614 + 4 - (0/(-4) + 5). Let g be 498/((-16)/10 - -2). Suppose 2*u - w = g. Is u a composite number?
True
Let i(f) = -17876*f - 10461. Is i(-7) a prime number?
True
Let m(k) = 51*k**2 - 56*k - 12. Is m(-5) composite?
False
Is ((-2)/4)/(357/42 - 8) - -184866 composite?
True
Let o be 14*(62/(-651))/((-1)/3). Suppose 0 = 12*y - 15*y - 5*m + 29608, 0 = -3*y + o*m + 29617. Is y a composite number?
False
Suppose 0 = 494*l - 485*l - 117. Suppose 2*k - l = -3, -4*j + 4*k + 111744 = 0. Is j a composite number?
False
Let x = -1682 - -4851. Suppose -x = -4*p + 3*q, 0 = -4*p - 3*q + 1924 + 1275. Suppose l - 523 = p. Is l prime?
True
Let p = 12 + 20. Suppose -x + p = x + 4*m, 3*x - 4*m = 8. Suppose 5366 = x*r - 6482. Is r a prime number?
True
Let b(t) = 19*t**3 + 8*t**2 - 15*t + 21. Let y = 85 + -80. Is b(y) prime?
True
Is (220754 - 227) + (-16)/1 a prime number?
True
Let z = 46851 - -2143. Let v = z + -33435. Is v prime?
True
Let z(o) be the first derivative of -5*o**4/4 - 2*o**3/3 - 13*o**2/2 - 27*o + 61. Is z(-7) prime?
False
Let j = -753331 - -1132032. Is j prime?
False
Let i be (-414)/115 + 4/(-10). Let d(u) = -334*u**3 - 3*u**2 + 3*u - 3. Is d(i) a composite number?
Fa